Let x(q) = -62*q - 355. Determine x(-7).
79
Let q(x) = x**2 + 34*x + 44. Determine q(-34).
44
Let o(d) = -d**2 - 24*d - 67. Calculate o(-15).
68
Let n(d) = d**3 - d**2 - 13*d + 17. Give n(3).
-4
Let i(m) = -67*m - 283. Give i(-6).
119
Let c(f) = -7*f**3 - f**2 + 5*f - 4. Calculate c(1).
-7
Let u(a) = -1192*a + 15429. Give u(13).
-67
Let x(j) = -2*j**2 + 75*j - 397. Determine x(31).
6
Let g(j) = -j**3 + 14*j**2 - 33*j - 2. Calculate g(8).
118
Let l(t) = -3463*t + 24248. What is l(7)?
7
Let h(l) = -35*l**2 + 887*l + 593. What is h(26)?
-5
Let d(i) = i**3 - 15*i**2 + 12*i + 188. Give d(13).
6
Let w(t) = 2*t + 114. What is w(-59)?
-4
Let s(o) = -747*o + 6729. Give s(9).
6
Let u(t) = 7*t**3 - t**2 - 6*t + 7. Determine u(-3).
-173
Let y(q) = -q**3 + 38*q**2 + 122*q + 46. Give y(41).
5
Let i(q) = -q**2 + 474*q + 3860. Determine i(-8).
4
Let h(y) = y**3 + 7*y**2 - y - 33. Give h(-6).
9
Let g(o) = 3*o + 42. Calculate g(6).
60
Let b(d) = -2*d + 123. Give b(112).
-101
Let h(w) = w**2 + 32*w + 7. Calculate h(-33).
40
Let u(t) = t**3 + 48*t**2 + 583*t + 195. What is u(-25)?
-5
Let z(o) = -397*o + 57168. Give z(144).
0
Let i(g) = 3*g + 139. Give i(-53).
-20
Let v(r) = -r**3 - 11*r**2 - 359*r - 3494. Calculate v(-10).
-4
Let o(u) = -21*u + 405. Calculate o(20).
-15
Let x(o) = -o**3 - 4*o**2 + 9*o + 3. What is x(-6)?
21
Let l(t) = 6*t**3 + 6*t**2 - 21*t + 5. What is l(2)?
35
Let z(g) = 6*g**3 + 4*g**2 + 10. What is z(3)?
208
Let a(l) = l**3 - 31*l**2 + 55*l + 86. Calculate a(29).
-1
Let x(g) = -3*g**2 + 348*g - 2898. Calculate x(107).
-9
Let a(u) = -u**3 + 31*u**2 - 233*u + 100. Give a(19).
5
Let r(b) = -b**3 - b**2 + 31*b + 107. What is r(-4)?
31
Let p(x) = 2*x**3 + 46*x**2 - 50*x - 55. Give p(-24).
-7
Let w(y) = 10*y**2 - y - 333. Calculate w(-8).
315
Let m(h) = -h**2 - 27*h - 130. Calculate m(-33).
-328
Let m(t) = -521*t + 3123. What is m(6)?
-3
Let z(u) = -14*u + 640. Calculate z(73).
-382
Let d(y) = -10*y**3 + y**2 - 4*y + 1. Give d(2).
-83
Let n(h) = 3*h**2 + 11*h - 271. Calculate n(0).
-271
Let q(r) = 96*r + 848. What is q(-8)?
80
Let p(q) = q**3 - 29*q**2 + 22*q + 116. What is p(28)?
-52
Let a(u) = -20*u - 51. What is a(-6)?
69
Let g(x) = 9*x**2 - 12*x - 10. What is g(-1)?
11
Let y(o) = o**3 - 8*o**2 + 32*o - 82. Determine y(5).
3
Let o(v) = -2*v**3 + 109*v**2 + 56*v - 69. What is o(55)?
-14
Let s(z) = -3*z**2 + 97*z - 10. Give s(33).
-76
Let c(t) = 3*t + 99. Determine c(29).
186
Let a(i) = -i**2 - 39*i - 369. Calculate a(-24).
-9
Let v(w) = -36*w - 360. What is v(-10)?
0
Let v(f) = -f**3 - 14*f**2 + 3*f + 52. Calculate v(-14).
10
Let v(h) = h**2 - 70*h - 361. Give v(77).
178
Let s(l) = -29*l - 238. Give s(-4).
-122
Let i(x) = 16*x**2 - 14*x - 1. Calculate i(5).
329
Let f(m) = 3*m**2 - 119*m - 564. Calculate f(-5).
106
Let c(o) = 3*o**2 - 6*o + 10. Calculate c(4).
34
Let o(f) = -f**3 + 24*f**2 - 118*f - 13. Determine o(17).
4
Let c(j) = -225*j + 1248. What is c(6)?
-102
Let x(u) = 25*u**3 + 5*u**2 - 3*u - 2. What is x(-1)?
-19
Let w(n) = 106*n**2 + 5*n - 4. Give w(1).
107
Let i(m) = -8*m**2 + 43*m - 217. Calculate i(5).
-202
Let i(l) = 2*l**2 + 88*l + 320. Give i(-40).
0
Let x(t) = 123*t**2 + 4060*t + 34. What is x(-33)?
1
Let n(c) = -55*c + 10. Give n(-2).
120
Let f(v) = v**3 - 8*v**2 - 12*v - 26. Calculate f(10).
54
Let v(b) = 2*b**2 - 9*b - 129. Give v(-6).
-3
Let j(m) = -2*m - 21. What is j(-21)?
21
Let i(r) = 197*r + 4208. Calculate i(-20).
268
Let c(y) = -15*y**2 + y + 18. Determine c(-2).
-44
Let k(n) = -n**3 - 31*n**2 - 67*n - 26. Give k(-29).
235
Let i(n) = -27*n**2 - 551*n - 213. Calculate i(-20).
7
Let m(f) = 1117*f - 7857. Determine m(7).
-38
Let a(j) = -2*j**2 + 40*j - 158. Calculate a(15).
-8
Let k(s) = -s**2 - 220*s - 2468. Calculate k(-13).
223
Let c(j) = -2*j**3 - 40*j**2 - 91*j - 89. What is c(-17)?
-276
Let a(u) = -u**3 + 6*u**2 + 37*u + 49. Give a(10).
19
Let k(q) = 25*q**2 - 20*q - 8. What is k(3)?
157
Let f(k) = -k**2 - 376*k + 2291. Determine f(6).
-1
Let u(l) = l**3 + 13*l**2 + 44*l + 8. Calculate u(-8).
-24
Let x(q) = -q**3 - 15*q**2 - 38*q - 8. Calculate x(-12).
16
Let y(s) = s**3 - 90. Determine y(0).
-90
Let q(w) = -682*w - 4092. What is q(-6)?
0
Let o(a) = -47*a - 5440. Calculate o(-116).
12
Let f(v) = -3*v**2 - 84*v - 29. Determine f(-28).
-29
Let c(s) = 2*s**2 + 1404*s + 2804. What is c(-2)?
4
Let q(z) = z**3 + 79*z**2 - 163*z - 58. Calculate q(-81).
23
Let o(t) = -t**2 - 5*t + 28. Determine o(-10).
-22
Let d(l) = -l**2 + 107*l - 418. What is d(4)?
-6
Let c(a) = -115*a + 24. Calculate c(1).
-91
Let j(k) = -k**3 - 113*k**2 - 24*k - 29216. Give j(-115).
-6
Let s(c) = c - 29. Determine s(42).
13
Let n(r) = r**3 + 3*r**2 - 9*r - 20. Give n(-2).
2
Let c(j) = -340*j - 2014. Determine c(-6).
26
Let r(k) = -k**2 + 99*k + 2923. Determine r(124).
-177
Let k(i) = -i**3 + 37*i**2 - 300*i + 13. What is k(25)?
13
Let r(k) = 20*k**2 - 30*k + 13. What is r(1)?
3
Let c(r) = r**3 + 11*r**2 - 13*r - 16. Give c(-12).
-4
Let x(b) = -48*b**2 - 1203*b - 5. Calculate x(-25).
70
Let l(d) = -103*d + 817. Determine l(8).
-7
Let m(h) = -50*h + 4200. Calculate m(86).
-100
Let x(z) = z**2 + 1384*z - 55505. Determine x(39).
-8
Let r(c) = -c**2 - 246*c + 2223. What is r(9)?
-72
Let m(i) = 3*i**3 - 168*i**2 + 2*i - 110. Calculate m(56).
2
Let s(t) = 10*t + 479. Determine s(-53).
-51
Let i(u) = 6*u**2 - 11*u + 27. Calculate i(-4).
167
Let j(w) = 46*w**3 - 3*w**2 + 35*w - 32. What is j(1)?
46
Let p(k) = k**3 - k**2 + 15*k - 92. Calculate p(5).
83
Let w(n) = -22*n + 80. Calculate w(9).
-118
Let s(r) = -3*r**3 + 36*r**2 - 5*r + 144. What is s(12)?
84
Let p(n) = 167*n**2 - 13*n - 12. Determine p(-1).
168
Let t(g) = -3*g**2 - 139*g - 2022. Give t(-16).
-566
Let b(s) = -10*s**3 + 531*s**2 - 54*s + 21. Determine b(53).
-32
Let d(u) = -83*u + 1976. What is d(24)?
-16
Let u(y) = -1140*y + 72966. Give u(64).
6
Let d(u) = -u**3 + 17*u**2 - 43*u - 6. Calculate d(14).
-20
Let l(m) = -74*m**2 - 158*m - 12. Calculate l(-2).
8
Let m(v) = 86*v - 376. Give m(4).
-32
Let v(d) = -d**3 - 45*d**2 + 53*d + 355. What is v(-46)?
33
Let n(j) = -132*j + 1583. Determine n(12).
-1
Let k(x) = 39*x + 156. Give k(-4).
0
Let i(l) = 3*l**3 + 254*l**2 - 83*l + 166. Determine i(-85).
-4
Let s(x) = -x**3 - 47*x**2 - 133*x + 83. What is s(-44)?
127
Let w(b) = -39*b**2 - 4369*b - 95. Give w(-112).
17
Let j(u) = u**3 + 14*u**2 + 24*u + 798. Give j(-15).
213
Let f(j) = 6*j**3 - 43*j**2 + 130*j - 855. Calculate f(7).
6
Let t(g) = 421*g + 1254. Give t(-3).
-9
Let y(p) = -872*p - 21. Determine y(0).
-21
Let u(h) = h**3 + 65*h**2 + 242*h - 117. Give u(-61).
5
Let r(q) = 2*q**3 + 105*q**2 + 47*q - 255. Determine r(-52).
5
Let m(w) = -36*w**2 + 8285*w - 1170. Give m(230).
-20
Let z(o) = -o + 35. What is z(-9)?
44
Let x(v) = -v**2 - 147*v + 1584. What is x(10)?
14
Let m(u) = u**3 + 23*u**2 - 858*u + 77. Give m(-43).
-9
Let t(y) = 9*y**2 - 821*y + 1778. Determine t(89).
-2
Let i(p) = -1892*p + 32160. What is i(17)?
-4
Let s(t) = -2*t**3 - 54*t**2 + 181*t + 24. What is s(-30)?
-6
Let p(i) = i**2 + i - 77. Give p(10).
33
Let l(u) = u**3 + 18*u**2 + 42*u + 15. Determine l(-14).
211
Let t(m) = 116*m - 686. Calculate t(6).
10
Let m(u) = -u**2 + 38*u - 238. Give m(11).
59
Let i(t) = t**3 + 90*t**2 - 478*t - 85. Calculate i(-95).
200
Let z(u) = u**3 - 116*u**2 + 224*u + 461. Calculate z(114).
5
Let k(c) = 3*c**2 - 59*c + 31. Calculate k(18).
-59
Let w(p) = -2*p**3 - 13*p**2 + 4*p + 29. Determine w(0).
29
Let f(m) = -23*m**3 - 417*m**2 - 53*m + 10. Calculate f(-18).
-8
Let l(n) = -3*n**2 + 121*n + 91. Determine l(41).
9
Let u(t) = -t**3 - 7*t**2 - 4*t + 23. Give u(-3).
-1
Let y(b) = -633*b - 5081. Determine y(-8).
-17
Let w(z) = 33*z + 134. Calculate w(4).
266
Let h(x) = -13*x + 282. Give h(18).
48
Let m(w) = 9*w + 133. Give m(5).
178
Let s(l) = 3*l**2 + 31*l - 41. Give s(-10).
-51
Let b(i) = -1073*i + 17187. Calculate b(16).
19
Let k(w) = -4*w + 289. Give k(23).
197
Let m(n) = -9*n**3 - 5*n**2 - 4*n - 12. Determine m(0).
-12
Let b(x) = -x**3 + 12*x**2 - 35*x + 11. Give b(5).
11
Let k(o) = 1439*o + 1432. Determine k(-1).
-7
Let x(w) = 15*w**2 - 3*w - 42. Give x(5).
318
Let q(p) = p**3 + 54*p**2 + 24*p - 1498. What is q(-53)?
39
Let c(o) = 171*o**2 - 332*o + 3. Give c(2).
23
Let g(c) = 168*c - 1123. Give g